{"id":211,"date":"2014-03-23T10:15:51","date_gmt":"2014-03-23T09:15:51","guid":{"rendered":"https:\/\/www.gimobageriet.se\/?page_id=211"},"modified":"2016-09-26T13:12:39","modified_gmt":"2016-09-26T12:12:39","slug":"kontakta-oss","status":"publish","type":"page","link":"https:\/\/www.gimobageriet.se\/index.php\/kontakta-oss\/","title":{"rendered":"Kontakta Oss"},"content":{"rendered":"<p style=\"padding-left: 30px;\"><a href=\"http:\/\/www.hitta.se\/kartan#\/search\/single\/plc\/1006465149\/Tegelbruksv%C3%A4gen+24\/@63.79111,20.30796,15z\" target=\"_blank\"><img decoding=\"async\" loading=\"lazy\" class=\"alignright  wp-image-308\" style=\"margin-left: 10px; margin-right: 10px;\" src=\"https:\/\/www.gimobageriet.se\/wp-content\/uploads\/2014\/03\/karta.png\" alt=\"karta\" width=\"300\" height=\"300\" srcset=\"https:\/\/www.gimobageriet.se\/wp-content\/uploads\/2014\/03\/karta.png 500w, https:\/\/www.gimobageriet.se\/wp-content\/uploads\/2014\/03\/karta-150x150.png 150w, https:\/\/www.gimobageriet.se\/wp-content\/uploads\/2014\/03\/karta-300x300.png 300w\" sizes=\"(max-width: 300px) 100vw, 300px\" \/><\/a><\/p>\n<h3>KONTAKTA OSS<\/h3>\n<p>Kontoret \u00e4r bemannat M\u00e5ndag &#8211; Fredag \u00a0mellan kl. 7.30 &#8211; 15.00<\/p>\n<p>Vi tar emot din order per e-post: <strong>E-post: info@gimobageriet.se<\/strong> eller <strong>telefon: 090-19 06 90<\/strong>.<br \/>\n Din order beh\u00f6ver vara oss tillhanda senast kl. 13.30 dagen innan leverans (eller kl 12.00 p\u00e5 fredag f\u00f6r leverans l\u00f6rdag).<\/p>\n<p>Annars finns vi tillg\u00e4ngliga i bageriet f\u00f6r er i stort sett dygnet runt fr\u00e5n s\u00f6ndag kl. 18.00 till fredag cirka kl. 22.00.<\/p>\n<p><strong>V\u00e4lkommen in!<\/strong><\/p>\n","protected":false},"excerpt":{"rendered":"<p>KONTAKTA OSS Kontoret \u00e4r bemannat M\u00e5ndag &#8211; Fredag \u00a0mellan kl. 7.30 &#8211; 15.00 Vi tar emot din order per e-post: E-post: info@gimobageriet.se eller telefon: 090-19 06 90. Din order beh\u00f6ver vara oss tillhanda senast kl. 13.30 dagen innan leverans (eller kl 12.00 p\u00e5 fredag f\u00f6r leverans l\u00f6rdag). Annars finns vi tillg\u00e4ngliga i bageriet f\u00f6r er [&hellip;]<\/p>\n","protected":false},"author":1,"featured_media":0,"parent":0,"menu_order":0,"comment_status":"closed","ping_status":"open","template":"secondarypages.php","meta":{"_mi_skip_tracking":false},"_links":{"self":[{"href":"https:\/\/www.gimobageriet.se\/index.php\/wp-json\/wp\/v2\/pages\/211"}],"collection":[{"href":"https:\/\/www.gimobageriet.se\/index.php\/wp-json\/wp\/v2\/pages"}],"about":[{"href":"https:\/\/www.gimobageriet.se\/index.php\/wp-json\/wp\/v2\/types\/page"}],"author":[{"embeddable":true,"href":"https:\/\/www.gimobageriet.se\/index.php\/wp-json\/wp\/v2\/users\/1"}],"replies":[{"embeddable":true,"href":"https:\/\/www.gimobageriet.se\/index.php\/wp-json\/wp\/v2\/comments?post=211"}],"version-history":[{"count":17,"href":"https:\/\/www.gimobageriet.se\/index.php\/wp-json\/wp\/v2\/pages\/211\/revisions"}],"predecessor-version":[{"id":408,"href":"https:\/\/www.gimobageriet.se\/index.php\/wp-json\/wp\/v2\/pages\/211\/revisions\/408"}],"wp:attachment":[{"href":"https:\/\/www.gimobageriet.se\/index.php\/wp-json\/wp\/v2\/media?parent=211"}],"curies":[{"name":"wp","href":"https:\/\/api.w.org\/{rel}","templated":true}]}}